{"version":"1.0","provider_name":"Aps i educaci\u00f3 en valors","provider_url":"https:\/\/diarieducacio.cat\/aprenentatgeservei","title":"'El colegio' - Aps i educaci\u00f3 en valors","type":"rich","width":600,"height":338,"html":"<blockquote class=\"wp-embedded-content\" data-secret=\"5sDsb7FShC\"><a href=\"https:\/\/diarieducacio.cat\/aprenentatgeservei\/2019\/11\/11\/el-colegio\/\">&#8216;El colegio&#8217;<\/a><\/blockquote><iframe sandbox=\"allow-scripts\" security=\"restricted\" src=\"https:\/\/diarieducacio.cat\/aprenentatgeservei\/2019\/11\/11\/el-colegio\/embed\/#?secret=5sDsb7FShC\" width=\"600\" height=\"338\" title=\"&#8220;&#8216;El colegio&#8217;&#8221; &#8212; Aps i educaci\u00f3 en valors\" data-secret=\"5sDsb7FShC\" frameborder=\"0\" marginwidth=\"0\" marginheight=\"0\" scrolling=\"no\" class=\"wp-embedded-content\"><\/iframe><script type=\"text\/javascript\">\n\/* <![CDATA[ *\/\n\/*! This file is auto-generated *\/\n!function(d,l){\"use strict\";l.querySelector&&d.addEventListener&&\"undefined\"!=typeof URL&&(d.wp=d.wp||{},d.wp.receiveEmbedMessage||(d.wp.receiveEmbedMessage=function(e){var t=e.data;if((t||t.secret||t.message||t.value)&&!\/[^a-zA-Z0-9]\/.test(t.secret)){for(var s,r,n,a=l.querySelectorAll('iframe[data-secret=\"'+t.secret+'\"]'),o=l.querySelectorAll('blockquote[data-secret=\"'+t.secret+'\"]'),c=new RegExp(\"^https?:$\",\"i\"),i=0;i<o.length;i++)o[i].style.display=\"none\";for(i=0;i<a.length;i++)s=a[i],e.source===s.contentWindow&&(s.removeAttribute(\"style\"),\"height\"===t.message?(1e3<(r=parseInt(t.value,10))?r=1e3:~~r<200&&(r=200),s.height=r):\"link\"===t.message&&(r=new URL(s.getAttribute(\"src\")),n=new URL(t.value),c.test(n.protocol))&&n.host===r.host&&l.activeElement===s&&(d.top.location.href=t.value))}},d.addEventListener(\"message\",d.wp.receiveEmbedMessage,!1),l.addEventListener(\"DOMContentLoaded\",function(){for(var e,t,s=l.querySelectorAll(\"iframe.wp-embedded-content\"),r=0;r<s.length;r++)(t=(e=s[r]).getAttribute(\"data-secret\"))||(t=Math.random().toString(36).substring(2,12),e.src+=\"#?secret=\"+t,e.setAttribute(\"data-secret\",t)),e.contentWindow.postMessage({message:\"ready\",secret:t},\"*\")},!1)))}(window,document);\n\/\/# sourceURL=https:\/\/diarieducacio.cat\/aprenentatgeservei\/wp-includes\/js\/wp-embed.min.js\n\/* ]]> *\/\n<\/script>\n","thumbnail_url":"https:\/\/diarieducacio.cat\/aprenentatgeservei\/wp-content\/uploads\/sites\/22\/2019\/11\/1200px-Colegio_Nacional_Buenos_Aires.jpg","thumbnail_width":1200,"thumbnail_height":856,"description":"A l\u2019Argentina, alguns pocs instituts d\u2019educaci\u00f3 secund\u00e0ria depenen org\u00e0nicament de la Universidad de Buenos Aires (UBA). Instituts p\u00fablics \u201cpreuniversitaris\u201d, s\u2019autoanomenen. El Colegio Nacional de Buenos Aires n\u2019\u00e9s un. Els alumnes li d\u00e8iem simplement El colegio, en una barreja de vanitat i orgull. Del colegio no podia haver-ne un altre."}

Aps i educació en valors

'El colegio' - Aps i educació en valors

<blockquote class="wp-embedded-content" data-secret="5sDsb7FShC"><a href="https://diarieducacio.cat/aprenentatgeservei/2019/11/11/el-colegio/">&#8216;El colegio&#8217;</a></blockquote><iframe sandbox="allow-scripts" security="restricted" src="https://diarieducacio.cat/aprenentatgeservei/2019/11/11/el-colegio/embed/#?secret=5sDsb7FShC" width="600" height="338" title="&#8220;&#8216;El colegio&#8217;&#8221; &#8212; Aps i educació en valors" data-secret="5sDsb7FShC" frameborder="0" marginwidth="0" marginheight="0" scrolling="no" class="wp-embedded-content"></iframe><script type="text/javascript">
/* <![CDATA[ */
/*! This file is auto-generated */
!function(d,l){"use strict";l.querySelector&&d.addEventListener&&"undefined"!=typeof URL&&(d.wp=d.wp||{},d.wp.receiveEmbedMessage||(d.wp.receiveEmbedMessage=function(e){var t=e.data;if((t||t.secret||t.message||t.value)&&!/[^a-zA-Z0-9]/.test(t.secret)){for(var s,r,n,a=l.querySelectorAll('iframe[data-secret="'+t.secret+'"]'),o=l.querySelectorAll('blockquote[data-secret="'+t.secret+'"]'),c=new RegExp("^https?:$","i"),i=0;i<o.length;i++)o[i].style.display="none";for(i=0;i<a.length;i++)s=a[i],e.source===s.contentWindow&&(s.removeAttribute("style"),"height"===t.message?(1e3<(r=parseInt(t.value,10))?r=1e3:~~r<200&&(r=200),s.height=r):"link"===t.message&&(r=new URL(s.getAttribute("src")),n=new URL(t.value),c.test(n.protocol))&&n.host===r.host&&l.activeElement===s&&(d.top.location.href=t.value))}},d.addEventListener("message",d.wp.receiveEmbedMessage,!1),l.addEventListener("DOMContentLoaded",function(){for(var e,t,s=l.querySelectorAll("iframe.wp-embedded-content"),r=0;r<s.length;r++)(t=(e=s[r]).getAttribute("data-secret"))||(t=Math.random().toString(36).substring(2,12),e.src+="#?secret="+t,e.setAttribute("data-secret",t)),e.contentWindow.postMessage({message:"ready",secret:t},"*")},!1)))}(window,document);
//# sourceURL=https://diarieducacio.cat/aprenentatgeservei/wp-includes/js/wp-embed.min.js
/* ]]> */
</script>

A l’Argentina, alguns pocs instituts d’educació secundària depenen orgànicament de la Universidad de Buenos Aires (UBA). Instituts públics “preuniversitaris”, s’autoanomenen. El Colegio Nacional de Buenos Aires n’és un. Els alumnes li dèiem simplement El colegio, en una barreja de vanitat i orgull. Del colegio no podia haver-ne un altre.
