{"version":"1.0","provider_name":"Aps i educaci\u00f3 en valors","provider_url":"https:\/\/diarieducacio.cat\/aprenentatgeservei","title":"Educar per cuidar la vida - Aps i educaci\u00f3 en valors","type":"rich","width":600,"height":338,"html":"<blockquote class=\"wp-embedded-content\" data-secret=\"FWrjfv1GCQ\"><a href=\"https:\/\/diarieducacio.cat\/aprenentatgeservei\/2023\/06\/20\/educar-per-cuidar-la-vida\/\">Educar per cuidar la vida<\/a><\/blockquote><iframe sandbox=\"allow-scripts\" security=\"restricted\" src=\"https:\/\/diarieducacio.cat\/aprenentatgeservei\/2023\/06\/20\/educar-per-cuidar-la-vida\/embed\/#?secret=FWrjfv1GCQ\" width=\"600\" height=\"338\" title=\"&#8220;Educar per cuidar la vida&#8221; &#8212; Aps i educaci\u00f3 en valors\" data-secret=\"FWrjfv1GCQ\" frameborder=\"0\" marginwidth=\"0\" marginheight=\"0\" scrolling=\"no\" class=\"wp-embedded-content\"><\/iframe><script type=\"text\/javascript\">\n\/* <![CDATA[ *\/\n\/*! This file is auto-generated *\/\n!function(d,l){\"use strict\";l.querySelector&&d.addEventListener&&\"undefined\"!=typeof URL&&(d.wp=d.wp||{},d.wp.receiveEmbedMessage||(d.wp.receiveEmbedMessage=function(e){var t=e.data;if((t||t.secret||t.message||t.value)&&!\/[^a-zA-Z0-9]\/.test(t.secret)){for(var s,r,n,a=l.querySelectorAll('iframe[data-secret=\"'+t.secret+'\"]'),o=l.querySelectorAll('blockquote[data-secret=\"'+t.secret+'\"]'),c=new RegExp(\"^https?:$\",\"i\"),i=0;i<o.length;i++)o[i].style.display=\"none\";for(i=0;i<a.length;i++)s=a[i],e.source===s.contentWindow&&(s.removeAttribute(\"style\"),\"height\"===t.message?(1e3<(r=parseInt(t.value,10))?r=1e3:~~r<200&&(r=200),s.height=r):\"link\"===t.message&&(r=new URL(s.getAttribute(\"src\")),n=new URL(t.value),c.test(n.protocol))&&n.host===r.host&&l.activeElement===s&&(d.top.location.href=t.value))}},d.addEventListener(\"message\",d.wp.receiveEmbedMessage,!1),l.addEventListener(\"DOMContentLoaded\",function(){for(var e,t,s=l.querySelectorAll(\"iframe.wp-embedded-content\"),r=0;r<s.length;r++)(t=(e=s[r]).getAttribute(\"data-secret\"))||(t=Math.random().toString(36).substring(2,12),e.src+=\"#?secret=\"+t,e.setAttribute(\"data-secret\",t)),e.contentWindow.postMessage({message:\"ready\",secret:t},\"*\")},!1)))}(window,document);\n\/\/# sourceURL=https:\/\/diarieducacio.cat\/aprenentatgeservei\/wp-includes\/js\/wp-embed.min.js\n\/* ]]> *\/\n<\/script>\n","thumbnail_url":"https:\/\/diarieducacio.cat\/aprenentatgeservei\/wp-content\/uploads\/sites\/22\/2023\/06\/mujeres-jovenes-que-protestan-contra-cambio-climatico-scaled-1.jpg","thumbnail_width":2560,"thumbnail_height":1707,"description":"Els humans, com la resta d&#8217;\u00e9ssers, som interdependents. Des del naixement fins a la mort passem molts moments en els quals si no fos per la cura dels altres no sobreviur\u00edem. Tamb\u00e9 som\u00a0 ecodependents, ja que per sobreviure necessitem establir una bona relaci\u00f3 amb la naturalesa. La nostra vida tamb\u00e9 dep\u00e8n de com ens comportem"}

Aps i educació en valors

Educar per cuidar la vida - Aps i educació en valors

<blockquote class="wp-embedded-content" data-secret="FWrjfv1GCQ"><a href="https://diarieducacio.cat/aprenentatgeservei/2023/06/20/educar-per-cuidar-la-vida/">Educar per cuidar la vida</a></blockquote><iframe sandbox="allow-scripts" security="restricted" src="https://diarieducacio.cat/aprenentatgeservei/2023/06/20/educar-per-cuidar-la-vida/embed/#?secret=FWrjfv1GCQ" width="600" height="338" title="&#8220;Educar per cuidar la vida&#8221; &#8212; Aps i educació en valors" data-secret="FWrjfv1GCQ" frameborder="0" marginwidth="0" marginheight="0" scrolling="no" class="wp-embedded-content"></iframe><script type="text/javascript">
/* <![CDATA[ */
/*! This file is auto-generated */
!function(d,l){"use strict";l.querySelector&&d.addEventListener&&"undefined"!=typeof URL&&(d.wp=d.wp||{},d.wp.receiveEmbedMessage||(d.wp.receiveEmbedMessage=function(e){var t=e.data;if((t||t.secret||t.message||t.value)&&!/[^a-zA-Z0-9]/.test(t.secret)){for(var s,r,n,a=l.querySelectorAll('iframe[data-secret="'+t.secret+'"]'),o=l.querySelectorAll('blockquote[data-secret="'+t.secret+'"]'),c=new RegExp("^https?:$","i"),i=0;i<o.length;i++)o[i].style.display="none";for(i=0;i<a.length;i++)s=a[i],e.source===s.contentWindow&&(s.removeAttribute("style"),"height"===t.message?(1e3<(r=parseInt(t.value,10))?r=1e3:~~r<200&&(r=200),s.height=r):"link"===t.message&&(r=new URL(s.getAttribute("src")),n=new URL(t.value),c.test(n.protocol))&&n.host===r.host&&l.activeElement===s&&(d.top.location.href=t.value))}},d.addEventListener("message",d.wp.receiveEmbedMessage,!1),l.addEventListener("DOMContentLoaded",function(){for(var e,t,s=l.querySelectorAll("iframe.wp-embedded-content"),r=0;r<s.length;r++)(t=(e=s[r]).getAttribute("data-secret"))||(t=Math.random().toString(36).substring(2,12),e.src+="#?secret="+t,e.setAttribute("data-secret",t)),e.contentWindow.postMessage({message:"ready",secret:t},"*")},!1)))}(window,document);
//# sourceURL=https://diarieducacio.cat/aprenentatgeservei/wp-includes/js/wp-embed.min.js
/* ]]> */
</script>

Els humans, com la resta d&#8217;éssers, som interdependents. Des del naixement fins a la mort passem molts moments en els quals si no fos per la cura dels altres no sobreviuríem. També som  ecodependents, ja que per sobreviure necessitem establir una bona relació amb la naturalesa. La nostra vida també depèn de com ens comportem
