{"version":"1.0","provider_name":"El blog de l'educaci\u00f3 local","provider_url":"https:\/\/diarieducacio.cat\/educaciolocal","title":"Hi ha mestres que mai no s'obliden... - El blog de l'educaci\u00f3 local","type":"rich","width":600,"height":338,"html":"<blockquote class=\"wp-embedded-content\" data-secret=\"tCP6SkyCZo\"><a href=\"https:\/\/diarieducacio.cat\/educaciolocal\/2018\/10\/04\/hi-ha-mestres-que-mai-no-sobliden\/\">Hi ha mestres que mai no s&#8217;obliden&#8230;<\/a><\/blockquote><iframe sandbox=\"allow-scripts\" security=\"restricted\" src=\"https:\/\/diarieducacio.cat\/educaciolocal\/2018\/10\/04\/hi-ha-mestres-que-mai-no-sobliden\/embed\/#?secret=tCP6SkyCZo\" width=\"600\" height=\"338\" title=\"&#8220;Hi ha mestres que mai no s&#8217;obliden&#8230;&#8221; &#8212; El blog de l&#039;educaci\u00f3 local\" data-secret=\"tCP6SkyCZo\" frameborder=\"0\" marginwidth=\"0\" marginheight=\"0\" scrolling=\"no\" class=\"wp-embedded-content\"><\/iframe><script type=\"text\/javascript\">\n\/* <![CDATA[ *\/\n\/*! This file is auto-generated *\/\n!function(d,l){\"use strict\";l.querySelector&&d.addEventListener&&\"undefined\"!=typeof URL&&(d.wp=d.wp||{},d.wp.receiveEmbedMessage||(d.wp.receiveEmbedMessage=function(e){var t=e.data;if((t||t.secret||t.message||t.value)&&!\/[^a-zA-Z0-9]\/.test(t.secret)){for(var s,r,n,a=l.querySelectorAll('iframe[data-secret=\"'+t.secret+'\"]'),o=l.querySelectorAll('blockquote[data-secret=\"'+t.secret+'\"]'),c=new RegExp(\"^https?:$\",\"i\"),i=0;i<o.length;i++)o[i].style.display=\"none\";for(i=0;i<a.length;i++)s=a[i],e.source===s.contentWindow&&(s.removeAttribute(\"style\"),\"height\"===t.message?(1e3<(r=parseInt(t.value,10))?r=1e3:~~r<200&&(r=200),s.height=r):\"link\"===t.message&&(r=new URL(s.getAttribute(\"src\")),n=new URL(t.value),c.test(n.protocol))&&n.host===r.host&&l.activeElement===s&&(d.top.location.href=t.value))}},d.addEventListener(\"message\",d.wp.receiveEmbedMessage,!1),l.addEventListener(\"DOMContentLoaded\",function(){for(var e,t,s=l.querySelectorAll(\"iframe.wp-embedded-content\"),r=0;r<s.length;r++)(t=(e=s[r]).getAttribute(\"data-secret\"))||(t=Math.random().toString(36).substring(2,12),e.src+=\"#?secret=\"+t,e.setAttribute(\"data-secret\",t)),e.contentWindow.postMessage({message:\"ready\",secret:t},\"*\")},!1)))}(window,document);\n\/\/# sourceURL=https:\/\/diarieducacio.cat\/educaciolocal\/wp-includes\/js\/wp-embed.min.js\n\/* ]]> *\/\n<\/script>\n","thumbnail_url":"https:\/\/diarieducacio.cat\/educaciolocal\/wp-content\/uploads\/sites\/18\/2018\/10\/francinamarti.jpg","thumbnail_width":197,"thumbnail_height":199,"description":"El 1994 la Unesco va proclamar el 5 d'octubre Dia Mundial dels i les Docents. Per commemorar-ho, hem convidat a escriure al Blog a la Francina Mart\u00ed, presidenta de l\u2019Associaci\u00f3 de Mestres Rosa Sensat (entitat que recentment ha rebut la Medalla d\u2019Honor del Parlament de Catalunya). El text destaca la import\u00e0ncia que tenen els i les mestres en un moment de les nostres vides on \u00e9s tan important rebre el seu suport, estima i confian\u00e7a."}

El blog de l'educació local

Hi ha mestres que mai no s'obliden... - El blog de l'educació local

<blockquote class="wp-embedded-content" data-secret="tCP6SkyCZo"><a href="https://diarieducacio.cat/educaciolocal/2018/10/04/hi-ha-mestres-que-mai-no-sobliden/">Hi ha mestres que mai no s&#8217;obliden&#8230;</a></blockquote><iframe sandbox="allow-scripts" security="restricted" src="https://diarieducacio.cat/educaciolocal/2018/10/04/hi-ha-mestres-que-mai-no-sobliden/embed/#?secret=tCP6SkyCZo" width="600" height="338" title="&#8220;Hi ha mestres que mai no s&#8217;obliden&#8230;&#8221; &#8212; El blog de l&#039;educació local" data-secret="tCP6SkyCZo" frameborder="0" marginwidth="0" marginheight="0" scrolling="no" class="wp-embedded-content"></iframe><script type="text/javascript">
/* <![CDATA[ */
/*! This file is auto-generated */
!function(d,l){"use strict";l.querySelector&&d.addEventListener&&"undefined"!=typeof URL&&(d.wp=d.wp||{},d.wp.receiveEmbedMessage||(d.wp.receiveEmbedMessage=function(e){var t=e.data;if((t||t.secret||t.message||t.value)&&!/[^a-zA-Z0-9]/.test(t.secret)){for(var s,r,n,a=l.querySelectorAll('iframe[data-secret="'+t.secret+'"]'),o=l.querySelectorAll('blockquote[data-secret="'+t.secret+'"]'),c=new RegExp("^https?:$","i"),i=0;i<o.length;i++)o[i].style.display="none";for(i=0;i<a.length;i++)s=a[i],e.source===s.contentWindow&&(s.removeAttribute("style"),"height"===t.message?(1e3<(r=parseInt(t.value,10))?r=1e3:~~r<200&&(r=200),s.height=r):"link"===t.message&&(r=new URL(s.getAttribute("src")),n=new URL(t.value),c.test(n.protocol))&&n.host===r.host&&l.activeElement===s&&(d.top.location.href=t.value))}},d.addEventListener("message",d.wp.receiveEmbedMessage,!1),l.addEventListener("DOMContentLoaded",function(){for(var e,t,s=l.querySelectorAll("iframe.wp-embedded-content"),r=0;r<s.length;r++)(t=(e=s[r]).getAttribute("data-secret"))||(t=Math.random().toString(36).substring(2,12),e.src+="#?secret="+t,e.setAttribute("data-secret",t)),e.contentWindow.postMessage({message:"ready",secret:t},"*")},!1)))}(window,document);
//# sourceURL=https://diarieducacio.cat/educaciolocal/wp-includes/js/wp-embed.min.js
/* ]]> */
</script>

El 1994 la Unesco va proclamar el 5 d'octubre Dia Mundial dels i les Docents. Per commemorar-ho, hem convidat a escriure al Blog a la Francina Martí, presidenta de l’Associació de Mestres Rosa Sensat (entitat que recentment ha rebut la Medalla d’Honor del Parlament de Catalunya). El text destaca la importància que tenen els i les mestres en un moment de les nostres vides on és tan important rebre el seu suport, estima i confiança.
