{"version":"1.0","provider_name":"El Blog de la Redacci\u00f3","provider_url":"https:\/\/diarieducacio.cat\/redaccio","title":"Cures i relacions de la ciutadania digital - El Blog de la Redacci\u00f3","type":"rich","width":600,"height":338,"html":"<blockquote class=\"wp-embedded-content\" data-secret=\"0ntknVkLsP\"><a href=\"https:\/\/diarieducacio.cat\/redaccio\/2025\/02\/04\/cures-i-relacions-de-la-ciutadania-digital\/\">Cures i relacions de la ciutadania digital<\/a><\/blockquote><iframe sandbox=\"allow-scripts\" security=\"restricted\" src=\"https:\/\/diarieducacio.cat\/redaccio\/2025\/02\/04\/cures-i-relacions-de-la-ciutadania-digital\/embed\/#?secret=0ntknVkLsP\" width=\"600\" height=\"338\" title=\"&#8220;Cures i relacions de la ciutadania digital&#8221; &#8212; El Blog de la Redacci\u00f3\" data-secret=\"0ntknVkLsP\" frameborder=\"0\" marginwidth=\"0\" marginheight=\"0\" scrolling=\"no\" class=\"wp-embedded-content\"><\/iframe><script type=\"text\/javascript\">\n\/* <![CDATA[ *\/\n\/*! This file is auto-generated *\/\n!function(d,l){\"use strict\";l.querySelector&&d.addEventListener&&\"undefined\"!=typeof URL&&(d.wp=d.wp||{},d.wp.receiveEmbedMessage||(d.wp.receiveEmbedMessage=function(e){var t=e.data;if((t||t.secret||t.message||t.value)&&!\/[^a-zA-Z0-9]\/.test(t.secret)){for(var s,r,n,a=l.querySelectorAll('iframe[data-secret=\"'+t.secret+'\"]'),o=l.querySelectorAll('blockquote[data-secret=\"'+t.secret+'\"]'),c=new RegExp(\"^https?:$\",\"i\"),i=0;i<o.length;i++)o[i].style.display=\"none\";for(i=0;i<a.length;i++)s=a[i],e.source===s.contentWindow&&(s.removeAttribute(\"style\"),\"height\"===t.message?(1e3<(r=parseInt(t.value,10))?r=1e3:~~r<200&&(r=200),s.height=r):\"link\"===t.message&&(r=new URL(s.getAttribute(\"src\")),n=new URL(t.value),c.test(n.protocol))&&n.host===r.host&&l.activeElement===s&&(d.top.location.href=t.value))}},d.addEventListener(\"message\",d.wp.receiveEmbedMessage,!1),l.addEventListener(\"DOMContentLoaded\",function(){for(var e,t,s=l.querySelectorAll(\"iframe.wp-embedded-content\"),r=0;r<s.length;r++)(t=(e=s[r]).getAttribute(\"data-secret\"))||(t=Math.random().toString(36).substring(2,12),e.src+=\"#?secret=\"+t,e.setAttribute(\"data-secret\",t)),e.contentWindow.postMessage({message:\"ready\",secret:t},\"*\")},!1)))}(window,document);\n\/\/# sourceURL=https:\/\/diarieducacio.cat\/redaccio\/wp-includes\/js\/wp-embed.min.js\n\/* ]]> *\/\n<\/script>\n","thumbnail_url":"https:\/\/diarieducacio.cat\/redaccio\/wp-content\/uploads\/sites\/23\/2024\/01\/portada-doble-DE-10-anys-1.jpg","thumbnail_width":2126,"thumbnail_height":1476,"description":"10 anys del Diari de l\u2019Educaci\u00f3. Ezequiel Passeron a la revista \u2018Un viatge compartit\u2019: \u201cMolta pedagogia davant tanta tecnologia, per a crear una cultura de ciutadania digital\u201d.\u00a0Amb la teva subscripci\u00f3\u00a0far\u00e0s possible deu anys m\u00e9s de periodisme al servei de la comunitat educativa. Els inicis de la segona d\u00e8cada del segle XXI es caracteritzen per la"}

El Blog de la Redacció

Cures i relacions de la ciutadania digital - El Blog de la Redacció

<blockquote class="wp-embedded-content" data-secret="0ntknVkLsP"><a href="https://diarieducacio.cat/redaccio/2025/02/04/cures-i-relacions-de-la-ciutadania-digital/">Cures i relacions de la ciutadania digital</a></blockquote><iframe sandbox="allow-scripts" security="restricted" src="https://diarieducacio.cat/redaccio/2025/02/04/cures-i-relacions-de-la-ciutadania-digital/embed/#?secret=0ntknVkLsP" width="600" height="338" title="&#8220;Cures i relacions de la ciutadania digital&#8221; &#8212; El Blog de la Redacció" data-secret="0ntknVkLsP" frameborder="0" marginwidth="0" marginheight="0" scrolling="no" class="wp-embedded-content"></iframe><script type="text/javascript">
/* <![CDATA[ */
/*! This file is auto-generated */
!function(d,l){"use strict";l.querySelector&&d.addEventListener&&"undefined"!=typeof URL&&(d.wp=d.wp||{},d.wp.receiveEmbedMessage||(d.wp.receiveEmbedMessage=function(e){var t=e.data;if((t||t.secret||t.message||t.value)&&!/[^a-zA-Z0-9]/.test(t.secret)){for(var s,r,n,a=l.querySelectorAll('iframe[data-secret="'+t.secret+'"]'),o=l.querySelectorAll('blockquote[data-secret="'+t.secret+'"]'),c=new RegExp("^https?:$","i"),i=0;i<o.length;i++)o[i].style.display="none";for(i=0;i<a.length;i++)s=a[i],e.source===s.contentWindow&&(s.removeAttribute("style"),"height"===t.message?(1e3<(r=parseInt(t.value,10))?r=1e3:~~r<200&&(r=200),s.height=r):"link"===t.message&&(r=new URL(s.getAttribute("src")),n=new URL(t.value),c.test(n.protocol))&&n.host===r.host&&l.activeElement===s&&(d.top.location.href=t.value))}},d.addEventListener("message",d.wp.receiveEmbedMessage,!1),l.addEventListener("DOMContentLoaded",function(){for(var e,t,s=l.querySelectorAll("iframe.wp-embedded-content"),r=0;r<s.length;r++)(t=(e=s[r]).getAttribute("data-secret"))||(t=Math.random().toString(36).substring(2,12),e.src+="#?secret="+t,e.setAttribute("data-secret",t)),e.contentWindow.postMessage({message:"ready",secret:t},"*")},!1)))}(window,document);
//# sourceURL=https://diarieducacio.cat/redaccio/wp-includes/js/wp-embed.min.js
/* ]]> */
</script>

10 anys del Diari de l’Educació. Ezequiel Passeron a la revista ‘Un viatge compartit’: “Molta pedagogia davant tanta tecnologia, per a crear una cultura de ciutadania digital”. Amb la teva subscripció faràs possible deu anys més de periodisme al servei de la comunitat educativa. Els inicis de la segona dècada del segle XXI es caracteritzen per la
