{"version":"1.0","provider_name":"El Blog de Rella","provider_url":"https:\/\/diarieducacio.cat\/rella","title":"N'hem estat testimonis. Missi\u00f3 Antoni Benaiges - El Blog de Rella","type":"rich","width":600,"height":338,"html":"<blockquote class=\"wp-embedded-content\" data-secret=\"vr7OgccMbs\"><a href=\"https:\/\/diarieducacio.cat\/rella\/2024\/07\/09\/hem-estat-testimonis-missio-antoni-benaiges\/\">N&#8217;hem estat testimonis. Missi\u00f3 Antoni Benaiges<\/a><\/blockquote><iframe sandbox=\"allow-scripts\" security=\"restricted\" src=\"https:\/\/diarieducacio.cat\/rella\/2024\/07\/09\/hem-estat-testimonis-missio-antoni-benaiges\/embed\/#?secret=vr7OgccMbs\" width=\"600\" height=\"338\" title=\"&#8220;N&#8217;hem estat testimonis. Missi\u00f3 Antoni Benaiges&#8221; &#8212; El Blog de Rella\" data-secret=\"vr7OgccMbs\" frameborder=\"0\" marginwidth=\"0\" marginheight=\"0\" scrolling=\"no\" class=\"wp-embedded-content\"><\/iframe><script type=\"text\/javascript\">\n\/* <![CDATA[ *\/\n\/*! This file is auto-generated *\/\n!function(d,l){\"use strict\";l.querySelector&&d.addEventListener&&\"undefined\"!=typeof URL&&(d.wp=d.wp||{},d.wp.receiveEmbedMessage||(d.wp.receiveEmbedMessage=function(e){var t=e.data;if((t||t.secret||t.message||t.value)&&!\/[^a-zA-Z0-9]\/.test(t.secret)){for(var s,r,n,a=l.querySelectorAll('iframe[data-secret=\"'+t.secret+'\"]'),o=l.querySelectorAll('blockquote[data-secret=\"'+t.secret+'\"]'),c=new RegExp(\"^https?:$\",\"i\"),i=0;i<o.length;i++)o[i].style.display=\"none\";for(i=0;i<a.length;i++)s=a[i],e.source===s.contentWindow&&(s.removeAttribute(\"style\"),\"height\"===t.message?(1e3<(r=parseInt(t.value,10))?r=1e3:~~r<200&&(r=200),s.height=r):\"link\"===t.message&&(r=new URL(s.getAttribute(\"src\")),n=new URL(t.value),c.test(n.protocol))&&n.host===r.host&&l.activeElement===s&&(d.top.location.href=t.value))}},d.addEventListener(\"message\",d.wp.receiveEmbedMessage,!1),l.addEventListener(\"DOMContentLoaded\",function(){for(var e,t,s=l.querySelectorAll(\"iframe.wp-embedded-content\"),r=0;r<s.length;r++)(t=(e=s[r]).getAttribute(\"data-secret\"))||(t=Math.random().toString(36).substring(2,12),e.src+=\"#?secret=\"+t,e.setAttribute(\"data-secret\",t)),e.contentWindow.postMessage({message:\"ready\",secret:t},\"*\")},!1)))}(window,document);\n\/\/# sourceURL=https:\/\/diarieducacio.cat\/rella\/wp-includes\/js\/wp-embed.min.js\n\/* ]]> *\/\n<\/script>\n","thumbnail_url":"https:\/\/diarieducacio.cat\/rella\/wp-content\/uploads\/sites\/26\/2024\/07\/Imagen12.jpg","thumbnail_width":566,"thumbnail_height":329,"description":"D\u2019aquesta promesa en qued\u00e0 const\u00e0ncia en tres dels escrits dels infants en el quadernet sobre el mar que forma part de la recopilaci\u00f3 Escritos de vida, de l\u2019Escola de Ba\u00f1uelos de Bureba,1935-36 El Mestre Benaiges \u2013com molts altres mestres de la Segona Rep\u00fablica\u2013 defensava el dret dels infants a gaudir de la inf\u00e0ncia, la capacitat"}

N'hem estat testimonis. Missió Antoni Benaiges - El Blog de Rella

<blockquote class="wp-embedded-content" data-secret="vr7OgccMbs"><a href="https://diarieducacio.cat/rella/2024/07/09/hem-estat-testimonis-missio-antoni-benaiges/">N&#8217;hem estat testimonis. Missió Antoni Benaiges</a></blockquote><iframe sandbox="allow-scripts" security="restricted" src="https://diarieducacio.cat/rella/2024/07/09/hem-estat-testimonis-missio-antoni-benaiges/embed/#?secret=vr7OgccMbs" width="600" height="338" title="&#8220;N&#8217;hem estat testimonis. Missió Antoni Benaiges&#8221; &#8212; El Blog de Rella" data-secret="vr7OgccMbs" frameborder="0" marginwidth="0" marginheight="0" scrolling="no" class="wp-embedded-content"></iframe><script type="text/javascript">
/* <![CDATA[ */
/*! This file is auto-generated */
!function(d,l){"use strict";l.querySelector&&d.addEventListener&&"undefined"!=typeof URL&&(d.wp=d.wp||{},d.wp.receiveEmbedMessage||(d.wp.receiveEmbedMessage=function(e){var t=e.data;if((t||t.secret||t.message||t.value)&&!/[^a-zA-Z0-9]/.test(t.secret)){for(var s,r,n,a=l.querySelectorAll('iframe[data-secret="'+t.secret+'"]'),o=l.querySelectorAll('blockquote[data-secret="'+t.secret+'"]'),c=new RegExp("^https?:$","i"),i=0;i<o.length;i++)o[i].style.display="none";for(i=0;i<a.length;i++)s=a[i],e.source===s.contentWindow&&(s.removeAttribute("style"),"height"===t.message?(1e3<(r=parseInt(t.value,10))?r=1e3:~~r<200&&(r=200),s.height=r):"link"===t.message&&(r=new URL(s.getAttribute("src")),n=new URL(t.value),c.test(n.protocol))&&n.host===r.host&&l.activeElement===s&&(d.top.location.href=t.value))}},d.addEventListener("message",d.wp.receiveEmbedMessage,!1),l.addEventListener("DOMContentLoaded",function(){for(var e,t,s=l.querySelectorAll("iframe.wp-embedded-content"),r=0;r<s.length;r++)(t=(e=s[r]).getAttribute("data-secret"))||(t=Math.random().toString(36).substring(2,12),e.src+="#?secret="+t,e.setAttribute("data-secret",t)),e.contentWindow.postMessage({message:"ready",secret:t},"*")},!1)))}(window,document);
//# sourceURL=https://diarieducacio.cat/rella/wp-includes/js/wp-embed.min.js
/* ]]> */
</script>

D’aquesta promesa en quedà constància en tres dels escrits dels infants en el quadernet sobre el mar que forma part de la recopilació Escritos de vida, de l’Escola de Bañuelos de Bureba,1935-36 El Mestre Benaiges –com molts altres mestres de la Segona República– defensava el dret dels infants a gaudir de la infància, la capacitat
