{"version":"1.0","provider_name":"Blog de Rosa Sensat","provider_url":"https:\/\/diarieducacio.cat\/rosasensat","title":"Un govern contra l\u2019escola - Blog de Rosa Sensat","type":"rich","width":600,"height":338,"html":"<blockquote class=\"wp-embedded-content\" data-secret=\"8KHpcnxdDD\"><a href=\"https:\/\/diarieducacio.cat\/rosasensat\/2014\/06\/12\/un-govern-contra-lescola\/\">Un govern contra l\u2019escola<\/a><\/blockquote><iframe sandbox=\"allow-scripts\" security=\"restricted\" src=\"https:\/\/diarieducacio.cat\/rosasensat\/2014\/06\/12\/un-govern-contra-lescola\/embed\/#?secret=8KHpcnxdDD\" width=\"600\" height=\"338\" title=\"&#8220;Un govern contra l\u2019escola&#8221; &#8212; Blog de Rosa Sensat\" data-secret=\"8KHpcnxdDD\" frameborder=\"0\" marginwidth=\"0\" marginheight=\"0\" scrolling=\"no\" class=\"wp-embedded-content\"><\/iframe><script type=\"text\/javascript\">\n\/* <![CDATA[ *\/\n\/*! This file is auto-generated *\/\n!function(d,l){\"use strict\";l.querySelector&&d.addEventListener&&\"undefined\"!=typeof URL&&(d.wp=d.wp||{},d.wp.receiveEmbedMessage||(d.wp.receiveEmbedMessage=function(e){var t=e.data;if((t||t.secret||t.message||t.value)&&!\/[^a-zA-Z0-9]\/.test(t.secret)){for(var s,r,n,a=l.querySelectorAll('iframe[data-secret=\"'+t.secret+'\"]'),o=l.querySelectorAll('blockquote[data-secret=\"'+t.secret+'\"]'),c=new RegExp(\"^https?:$\",\"i\"),i=0;i<o.length;i++)o[i].style.display=\"none\";for(i=0;i<a.length;i++)s=a[i],e.source===s.contentWindow&&(s.removeAttribute(\"style\"),\"height\"===t.message?(1e3<(r=parseInt(t.value,10))?r=1e3:~~r<200&&(r=200),s.height=r):\"link\"===t.message&&(r=new URL(s.getAttribute(\"src\")),n=new URL(t.value),c.test(n.protocol))&&n.host===r.host&&l.activeElement===s&&(d.top.location.href=t.value))}},d.addEventListener(\"message\",d.wp.receiveEmbedMessage,!1),l.addEventListener(\"DOMContentLoaded\",function(){for(var e,t,s=l.querySelectorAll(\"iframe.wp-embedded-content\"),r=0;r<s.length;r++)(t=(e=s[r]).getAttribute(\"data-secret\"))||(t=Math.random().toString(36).substring(2,12),e.src+=\"#?secret=\"+t,e.setAttribute(\"data-secret\",t)),e.contentWindow.postMessage({message:\"ready\",secret:t},\"*\")},!1)))}(window,document);\n\/\/# sourceURL=https:\/\/diarieducacio.cat\/rosasensat\/wp-includes\/js\/wp-embed.min.js\n\/* ]]> *\/\n<\/script>\n","description":"Fa pocs dies un mestre amic i company de les Illes ens va fer arribar un nou llibre per a la biblioteca de l\u2019Associaci\u00f3 \u201cEls tentacles de les tenebres\u201d de Marcel\u00b7l\u00ed Guerrero. \u00c9s un llibret petit, de lectura f\u00e0cil, moderat en el llenguatge, per\u00f2 en el fons \u00e9s la descripci\u00f3 d\u2019una realitat, un quadern de"}

Fa pocs dies un mestre amic i company de les Illes ens va fer arribar un nou llibre per a la biblioteca de l’Associació “Els tentacles de les tenebres” de Marcel·lí Guerrero. És un llibret petit, de lectura fàcil, moderat en el llenguatge, però en el fons és la descripció d’una realitat, un quadern de
