{"version":"1.0","provider_name":"Blog de Rosa Sensat","provider_url":"https:\/\/diarieducacio.cat\/rosasensat","title":"El dubte - Blog de Rosa Sensat","type":"rich","width":600,"height":338,"html":"<blockquote class=\"wp-embedded-content\" data-secret=\"56zUYJFywA\"><a href=\"https:\/\/diarieducacio.cat\/rosasensat\/2014\/06\/27\/el-dubte\/\">El dubte<\/a><\/blockquote><iframe sandbox=\"allow-scripts\" security=\"restricted\" src=\"https:\/\/diarieducacio.cat\/rosasensat\/2014\/06\/27\/el-dubte\/embed\/#?secret=56zUYJFywA\" width=\"600\" height=\"338\" title=\"&#8220;El dubte&#8221; &#8212; Blog de Rosa Sensat\" data-secret=\"56zUYJFywA\" frameborder=\"0\" marginwidth=\"0\" marginheight=\"0\" scrolling=\"no\" class=\"wp-embedded-content\"><\/iframe><script type=\"text\/javascript\">\n\/* <![CDATA[ *\/\n\/*! This file is auto-generated *\/\n!function(d,l){\"use strict\";l.querySelector&&d.addEventListener&&\"undefined\"!=typeof URL&&(d.wp=d.wp||{},d.wp.receiveEmbedMessage||(d.wp.receiveEmbedMessage=function(e){var t=e.data;if((t||t.secret||t.message||t.value)&&!\/[^a-zA-Z0-9]\/.test(t.secret)){for(var s,r,n,a=l.querySelectorAll('iframe[data-secret=\"'+t.secret+'\"]'),o=l.querySelectorAll('blockquote[data-secret=\"'+t.secret+'\"]'),c=new RegExp(\"^https?:$\",\"i\"),i=0;i<o.length;i++)o[i].style.display=\"none\";for(i=0;i<a.length;i++)s=a[i],e.source===s.contentWindow&&(s.removeAttribute(\"style\"),\"height\"===t.message?(1e3<(r=parseInt(t.value,10))?r=1e3:~~r<200&&(r=200),s.height=r):\"link\"===t.message&&(r=new URL(s.getAttribute(\"src\")),n=new URL(t.value),c.test(n.protocol))&&n.host===r.host&&l.activeElement===s&&(d.top.location.href=t.value))}},d.addEventListener(\"message\",d.wp.receiveEmbedMessage,!1),l.addEventListener(\"DOMContentLoaded\",function(){for(var e,t,s=l.querySelectorAll(\"iframe.wp-embedded-content\"),r=0;r<s.length;r++)(t=(e=s[r]).getAttribute(\"data-secret\"))||(t=Math.random().toString(36).substring(2,12),e.src+=\"#?secret=\"+t,e.setAttribute(\"data-secret\",t)),e.contentWindow.postMessage({message:\"ready\",secret:t},\"*\")},!1)))}(window,document);\n\/\/# sourceURL=https:\/\/diarieducacio.cat\/rosasensat\/wp-includes\/js\/wp-embed.min.js\n\/* ]]> *\/\n<\/script>\n","description":"Si gaudim d\u2019una conviv\u00e8ncia tranquil\u00b7la a l\u2019escola i d\u2019una societat cohesionada, per qu\u00e8 tants desprop\u00f2sits? Per qu\u00e8 no es t\u00e9 en compte en aquest tema l\u2019inter\u00e8s superior de l\u2019infant? Alg\u00fa ha tingut en compte els infants? Ells tenen dret a opinar sobre tot all\u00f2 que els afecta."}

Si gaudim d’una convivència tranquil·la a l’escola i d’una societat cohesionada, per què tants despropòsits? Per què no es té en compte en aquest tema l’interès superior de l’infant? Algú ha tingut en compte els infants? Ells tenen dret a opinar sobre tot allò que els afecta.
