{"version":"1.0","provider_name":"Blog de Rosa Sensat","provider_url":"https:\/\/diarieducacio.cat\/rosasensat","title":"Inf\u00e0ncia exhibida - Blog de Rosa Sensat","type":"rich","width":600,"height":338,"html":"<blockquote class=\"wp-embedded-content\" data-secret=\"j8aH1jCBaz\"><a href=\"https:\/\/diarieducacio.cat\/rosasensat\/2017\/06\/28\/infancia-exhibida\/\">Inf\u00e0ncia exhibida<\/a><\/blockquote><iframe sandbox=\"allow-scripts\" security=\"restricted\" src=\"https:\/\/diarieducacio.cat\/rosasensat\/2017\/06\/28\/infancia-exhibida\/embed\/#?secret=j8aH1jCBaz\" width=\"600\" height=\"338\" title=\"&#8220;Inf\u00e0ncia exhibida&#8221; &#8212; Blog de Rosa Sensat\" data-secret=\"j8aH1jCBaz\" frameborder=\"0\" marginwidth=\"0\" marginheight=\"0\" scrolling=\"no\" class=\"wp-embedded-content\"><\/iframe><script type=\"text\/javascript\">\n\/* <![CDATA[ *\/\n\/*! This file is auto-generated *\/\n!function(d,l){\"use strict\";l.querySelector&&d.addEventListener&&\"undefined\"!=typeof URL&&(d.wp=d.wp||{},d.wp.receiveEmbedMessage||(d.wp.receiveEmbedMessage=function(e){var t=e.data;if((t||t.secret||t.message||t.value)&&!\/[^a-zA-Z0-9]\/.test(t.secret)){for(var s,r,n,a=l.querySelectorAll('iframe[data-secret=\"'+t.secret+'\"]'),o=l.querySelectorAll('blockquote[data-secret=\"'+t.secret+'\"]'),c=new RegExp(\"^https?:$\",\"i\"),i=0;i<o.length;i++)o[i].style.display=\"none\";for(i=0;i<a.length;i++)s=a[i],e.source===s.contentWindow&&(s.removeAttribute(\"style\"),\"height\"===t.message?(1e3<(r=parseInt(t.value,10))?r=1e3:~~r<200&&(r=200),s.height=r):\"link\"===t.message&&(r=new URL(s.getAttribute(\"src\")),n=new URL(t.value),c.test(n.protocol))&&n.host===r.host&&l.activeElement===s&&(d.top.location.href=t.value))}},d.addEventListener(\"message\",d.wp.receiveEmbedMessage,!1),l.addEventListener(\"DOMContentLoaded\",function(){for(var e,t,s=l.querySelectorAll(\"iframe.wp-embedded-content\"),r=0;r<s.length;r++)(t=(e=s[r]).getAttribute(\"data-secret\"))||(t=Math.random().toString(36).substring(2,12),e.src+=\"#?secret=\"+t,e.setAttribute(\"data-secret\",t)),e.contentWindow.postMessage({message:\"ready\",secret:t},\"*\")},!1)))}(window,document);\n\/\/# sourceURL=https:\/\/diarieducacio.cat\/rosasensat\/wp-includes\/js\/wp-embed.min.js\n\/* ]]> *\/\n<\/script>\n","description":"Hi ha la tend\u00e8ncia de mantenir una actitud continuista i gens reflexiva respecte d\u2019una concepci\u00f3 mercantilista i infravalorada de la inf\u00e0ncia que es va iniciar fa temps en determinats canals de televisi\u00f3 i campanyes publicit\u00e0ries, en els quals entenen la primera etapa de la vida com una gran possibilitat amb la qual aconseguir un benefici, en qu\u00e8 el principal valor \u00e9s la capacitat d\u2019imitar accions o de fer all\u00f2 que fan els adults... Inf\u00e0ncia exhibida i simplificada, en la qual es projecten anhels d\u2019\u00e8xit de futur."}

Infància exhibida - Blog de Rosa Sensat

<blockquote class="wp-embedded-content" data-secret="j8aH1jCBaz"><a href="https://diarieducacio.cat/rosasensat/2017/06/28/infancia-exhibida/">Infància exhibida</a></blockquote><iframe sandbox="allow-scripts" security="restricted" src="https://diarieducacio.cat/rosasensat/2017/06/28/infancia-exhibida/embed/#?secret=j8aH1jCBaz" width="600" height="338" title="&#8220;Infància exhibida&#8221; &#8212; Blog de Rosa Sensat" data-secret="j8aH1jCBaz" frameborder="0" marginwidth="0" marginheight="0" scrolling="no" class="wp-embedded-content"></iframe><script type="text/javascript">
/* <![CDATA[ */
/*! This file is auto-generated */
!function(d,l){"use strict";l.querySelector&&d.addEventListener&&"undefined"!=typeof URL&&(d.wp=d.wp||{},d.wp.receiveEmbedMessage||(d.wp.receiveEmbedMessage=function(e){var t=e.data;if((t||t.secret||t.message||t.value)&&!/[^a-zA-Z0-9]/.test(t.secret)){for(var s,r,n,a=l.querySelectorAll('iframe[data-secret="'+t.secret+'"]'),o=l.querySelectorAll('blockquote[data-secret="'+t.secret+'"]'),c=new RegExp("^https?:$","i"),i=0;i<o.length;i++)o[i].style.display="none";for(i=0;i<a.length;i++)s=a[i],e.source===s.contentWindow&&(s.removeAttribute("style"),"height"===t.message?(1e3<(r=parseInt(t.value,10))?r=1e3:~~r<200&&(r=200),s.height=r):"link"===t.message&&(r=new URL(s.getAttribute("src")),n=new URL(t.value),c.test(n.protocol))&&n.host===r.host&&l.activeElement===s&&(d.top.location.href=t.value))}},d.addEventListener("message",d.wp.receiveEmbedMessage,!1),l.addEventListener("DOMContentLoaded",function(){for(var e,t,s=l.querySelectorAll("iframe.wp-embedded-content"),r=0;r<s.length;r++)(t=(e=s[r]).getAttribute("data-secret"))||(t=Math.random().toString(36).substring(2,12),e.src+="#?secret="+t,e.setAttribute("data-secret",t)),e.contentWindow.postMessage({message:"ready",secret:t},"*")},!1)))}(window,document);
//# sourceURL=https://diarieducacio.cat/rosasensat/wp-includes/js/wp-embed.min.js
/* ]]> */
</script>

Hi ha la tendència de mantenir una actitud continuista i gens reflexiva respecte d’una concepció mercantilista i infravalorada de la infància que es va iniciar fa temps en determinats canals de televisió i campanyes publicitàries, en els quals entenen la primera etapa de la vida com una gran possibilitat amb la qual aconseguir un benefici, en què el principal valor és la capacitat d’imitar accions o de fer allò que fan els adults... Infància exhibida i simplificada, en la qual es projecten anhels d’èxit de futur.
